 Give h(2).
10
Let o be (-81)/12 - 1/4. Let x(b) = -3*b**2 + 19*b + 22. Let p(z) = -2*z**2 + 13*z + 15. Let k(w) = o*p(w) + 5*x(w). Calculate k(5).
0
Let f(o) = 2*o + 4. Suppose -2*y = 5*n - 15, 0 = -5*y + 3*n - 1 - 39. Determine f(y).
-6
Let x(u) = 8*u + 2. Let v(l) = 7*l + 1. Let h(k) = 3*v(k) - 2*x(k). Give h(-1).
-6
Suppose -3*s - 2*s + 50 = 0. Suppose 0*o = -2*o + s. Let r(z) = -z**2 + 5*z - 1. Determine r(o).
-1
Let k(d) = -10*d**2 - 5*d - 21. Let q(f) = -3*f**2 - 2*f - 7. Let z(h) = 2*k(h) - 7*q(h). What is z(-5)?
12
Let q(h) = 4*h + 1. Let v be q(-1). Suppose 0 = 2*b - 2*s, -5*b + 0 = -3*s - 4. Let x(c) = -6 + 5*c - 4*c - b*c. Determine x(v).
-3
Let w(a) = -a**3 + 3*a**2 + 2*a. Let d(y) = y**3 + y**2 + 3. Let o be d(0). Let s = o + -5. Let f be ((-2 - -1)*6)/s. What is w(f)?
6
Let o(g) = g + 10. Let j be o(-8). Let d(i) = 0*i**2 + 0*i**j - 9 - i - i**2 - 3. Give d(0).
-12
Let h(d) be the first derivative of -d**3/3 - d**2 + 3*d - 3. Let g be (8/(-6))/((-4)/18). Suppose x = -x - g. Give h(x).
0
Let c(i) = -i - 8. Let o be 0 - ((-1)/(-1) + -1). What is c(o)?
-8
Let b(d) = 6*d + 0 - 5*d - 4 + 1. Give b(-3).
-6
Let x(j) = 3*j**2 + 2*j - 1. Suppose -a + 4 = -1. Suppose -10*g - 10 = -a*g. Give x(g).
7
Let w(l) be the third derivative of -5*l**4/24 + 7*l**2. Determine w(-4).
20
Let z(w) = w**3 + 8*w**2 + 7*w + 2. Let s(l) = l**3 + 2*l**2 - 7*l - 3. Let o be s(-4). Calculate z(o).
2
Let s(d) = 3*d - 6. Let a be s(4). Let f(u) be the second derivative of u**3/6 + 22*u. Calculate f(a).
6
Let b = -3 - -6. Let k(s) = 4*s + 3. What is k(b)?
15
Suppose -17*c - 10 = -15*c. Let n(r) = -2*r + r + 4 + 4*r. Give n(c).
-11
Let r(x) be the third derivative of x**4/24 + 17*x**3/6 - 21*x**2. Calculate r(0).
17
Let u(m) = 3*m**2 - 2*m - 2. Let b = 12 + -10. Calculate u(b).
6
Let p(z) = z + 3. Suppose c - 10 = 6*c. Give p(c).
1
Let m(x) = 20*x + 6. Let z(t) = 7*t + 2. Let b(q) = 6*m(q) - 17*z(q). Suppose i + p + 5 = -4*i, 3*i - 3*p + 21 = 0. Give b(i).
0
Suppose a + d + 4 = 0, -3*a - 5*d - 10 = 10. Let l = a - -2. Let z(i) = -i. Let x(j) = -8*j + 2. Let h(w) = l*z(w) - x(w). Determine h(2).
10
Let h(s) = s**3 + 5*s**2 - 5*s + 1. Let w be h(-6). Let j = 1 - w. Let z(o) = -o**2 + 6*o + 3. What is z(j)?
3
Let b(t) = -t**2 - 10*t - 5. Let d be b(-9). Let f(x) = x**3 - 4*x**2 - 1. Determine f(d).
-1
Let v(r) be the second derivative of -r**4/12 + 5*r**3/6 + 2*r**2 - r. Calculate v(5).
4
Let d be (15/(-3) - -5) + 5. Let k(x) = x**3 - 6*x**2 + 4*x + 2. Give k(d).
-3
Let l be (5 + -2)*4/(-6). Let t be (l/(-2))/(1/(-5)). Let i(x) = 2*x - 4*x + 11 - 32 + 14. Give i(t).
3
Let w be 65/(-10) + 2/4. Let z(m) = 2*m - 3. Calculate z(w).
-15
Let y(s) be the third derivative of 0 + 0*s + 4*s**2 - 1/2*s**3 - 1/120*s**6 + 0*s**5 + 1/12*s**4. Give y(2).
-7
Suppose -4*r = -73 + 57. Let z(o) = -o**2 + 7*o - 5. Give z(r).
7
Let f(p) = -p**2 - p - 2. Let m(v) = -v - 1. Let z(l) = f(l) + 6*m(l). Let r = 8 + -14. Determine z(r).
-2
Let s be 2*((-3)/((-18)/(-3)) - -3). Let d(b) = -4*b - 1. Let c(n) = n**2. Let y be c(-1). Let i(r) = r. Let h(g) = y*d(g) + 5*i(g). Give h(s).
4
Let w(g) = g + 1. Let v be w(-5). Let h = -8 - -11. Let b(c) = -h + 0*c - c + 2. Calculate b(v).
3
Let o(x) = -x + 1. Let s be o(-5). Suppose -3*i = -0*i - s. Let l(u) = 4*u**2 + u**3 - 3*u + i*u + 1 + 2. What is l(-4)?
7
Let x be 2/(-6) - (-4)/(-6). Let b be (1 - 1)*(2 + x). Let p(l) be the third derivative of -l**4/24 + l**3/3 - 2*l**2. Determine p(b).
2
Let q(m) = -m**3 - 6*m**2 + 7*m + 4. Suppose -6*b - 39 = -b - 4*i, -3*b = 3*i + 18. Calculate q(b).
4
Let d(a) = -3*a - 1 + a**2 + a + 3*a. Let o be -2 - 0/(-2) - -1. Calculate d(o).
-1
Let r(o) = -2*o**2 - 8 - 5*o + 3*o**2 + 0*o**2. Determine r(7).
6
Let g(s) be the first derivative of -s**4/4 - 8*s**3/3 - 9*s**2/2 - 10*s + 5. Let m be g(-7). Let t(v) = v**3 - 2*v**2 - 6*v + 4. Give t(m).
12
Let s(o) = 3*o - 2. Let h(z) = 2*z - 2. Let g(a) = -4*h(a) + 3*s(a). Calculate g(5).
7
Let f(i) = -3*i + 4. Let o be 6/(-3*(-4)/8). Give f(o).
-8
Let s(l) be the second derivative of l**3/2 - 9*l**2/2 - 12*l. What is s(6)?
9
Let x(g) = g**3 + 2*g**2 + 3*g. Let t(r) = 2*r**3 + 46*r**2 + r + 21. Let c be t(-23). Determine x(c).
-6
Let g(n) = -n**2 + 6*n - 5. Suppose -h = -0 - 6. Calculate g(h).
-5
Suppose 7 + 8 = 5*o. Suppose -4*u + 3*t - 5 = 0, -o*u + t - 7 = u. Let g(l) = l**2 + l - 2. Determine g(u).
0
Let g be 1/(1 - 0)*2. Suppose -2*m + 16 = g*m. Let n(d) be the third derivative of d**4/24 - 5*d**3/6 + d**2. Give n(m).
-1
Let g(s) = s**2 + s - 2. Let b(f) = f + 9. Let l be b(-9). Calculate g(l).
-2
Let y(z) be the first derivative of z**4/2 + z**3/3 - z**2 - z + 2. Let q(c) be the first derivative of c**2 + 4*c + 3. Let t be q(-3). What is y(t)?
-9
Let s = -20 - -18. Let c(t) = t + 4. Give c(s).
2
Let c(a) be the second derivative of a**6/360 + a**5/30 - a**4/12 + a**3/3 + 5*a. Let o(g) be the second derivative of c(g). Calculate o(-5).
3
Suppose -20*i = -12*i - 8. Let c(j) = 4*j - 1. Determine c(i).
3
Let v(g) = -4*g + 2. Suppose 2*l - l - 1 = 0. Let x be ((-8)/4)/(-2)*1. Let c = l + x. What is v(c)?
-6
Let z(x) = -x**3 + 5*x**2 - 2*x + 2. Let c(v) = v**2 - 4*v - 2. Let a be c(4). Let l be (-3)/a - (-28)/8. Give z(l).
-8
Let g be 14/63 + 32/18. Let w(v) = -3 + 4 - 2 - v - g*v. Suppose -4*p + 2 = -2. Give w(p).
-4
Let m(h) = h**2 + 10*h. Let c be m(-10). Let u(a) = a**3 + a**2 + 2*a**3 - 4*a**3 + 3. Give u(c).
3
Let o(b) = b**3 + 2*b**2 - 1. Let c be o(1). Let k(v) be the second derivative of -v**5/20 + v**4/12 + v**2 + 2*v - 39. Give k(c).
-2
Let k(x) = -x**2 - x + 5. Suppose 2*r = 5*j + 39, -5*r + 3*j + 34 = -16. Let q be 6/8 - r/4. Let p be (-1)/q*3 + -3. What is k(p)?
5
Let u(z) = -5*z**2 - 6*z**2 + 4*z**2. Let n(b) = b**3 - 3*b**2 + b. Let h be n(3). Suppose -2*t - t = -3*f + h, -3*t = -4*f + 3. What is u(t)?
-7
Let b = 8 + -6. Let j(v) = -1 + 5*v**2 + 9*v**3 - 3*v**2 - v**b - v. Determine j(-1).
-8
Suppose 3 = 2*z - 1. Suppose -f + z = 6. Let y(q) be the first derivative of -q**3/3 - 3*q**2/2 + 4*q - 1. Calculate y(f).
0
Suppose 5*t - l - 5 = 0, 2*t = 6*t - 4*l - 20. Suppose -3 = -2*c - 5*k + 2, -c + 5*k - 20 = t. Let h(p) = p**3 + 5*p**2 + p + 1. Calculate h(c).
-4
Suppose 0*s + 14 = -s + 3*i, -3*i + 19 = -2*s. Suppose 0*u + 4 = u. Let r(f) = -8 - u*f + f + 2*f. Calculate r(s).
-3
Let w(t) be the first derivative of -t**3/3 - t**2 - t + 7. Give w(-4).
-9
Let a(s) be the second derivative of -s**4/12 + s**3 - 3*s**2/2 + 22*s. Give a(3).
6
Let r(t) = -t - 9. Suppose -2*j = m + 17, 0*j - 3 = -m + 2*j. What is r(m)?
-2
Let r = 5 + 12. Suppose 5*l + r = -2*z, -3*l - 6 = -z + 13. Let b(j) = -j**3 + 4*j**2 + 3*j - 5. Determine b(z).
7
Let i be 3 + (-1)/1*1. Suppose -3*r + 4*s + 16 = 0, 4*r - 2*s - 16 = 2*s. Let f(z) = 0*z**2 + r*z - 4 + z**i - 3*z. Determine f(5).
6
Suppose -6*g = -11*g - 25. Let z(s) = s + 8. Determine z(g).
3
Let u be 39/12 + 2/(-8). Let m be (5/15)/(1/6). Let y(q) = 3*q**m - 2 - 4*q**2 + 0 + 1. Give y(u).
-10
Suppose -3*n = 3*q - 8*n - 22, 0 = -4*q - 4*n - 24. Let g(f) = 3*f - 1. Give g(q).
-4
Let v(g) = -6 + 26*g + 2 - 10*g + 3. What is v(-1)?
-17
Let k = -5 - -9. Suppose 0 = n - k*n - 9. Let h(t) = 2*t. Let z(x) = -2*x - 1. Let r(l) = 3*h(l) + 4*z(l). Determine r(n).
2
Let r(n) be the third derivative of -n**6/120 - 2*n**5/15 + 11*n**4/24 + 11*n**3/6 + n**2. Suppose 4*b + 11*u = 8*u - 48, 2*u + 44 = -4*b. Determine r(b).
-7
Let w(d) = d**3 + 5*d**2 - 7*d - 1. Let f be w(-6). Suppose 4*k = -p + f, -k + 4*k - 15 = 3*p. Let r = p - -4. Let z(c) = -4*c**3 - c + 1. Determine z(r).
-4
Let m(s) = 11*s**2 + 33*s + 33. Let k(d) = -11*d - 11. Let b(y) = 5*y + 5. Let n(j) = 13*b(j) + 6*k(j). Let i(g) = -m(g) - 33*n(g). Calculate i(-1).
-11
Let p = 8 + -6. Let g(k) = 4*k - 5. Let f(y) = 2*y - 2. Let j(s) = 5*f(s) - 2*g(s). What is j(p)?
4
Let m(b) = -2*b - 11. Let q be m(-9). Let y(h) = -q - 2*h + 0 + 3. Determine y(-5).
6
Suppose 65 = 3*p - 5*y, -p - 4*p + 55 = 5*y. Suppose p = 3*g + 81. Let q be (-4)/(-22) - (-114)/g. Let b(k) = -2*k - 7. Calculate b(q).
3
Let r(p) = -p + 0 + 3 - 3. Let a(v) = -10*v**2 - 2*v + 1. Let i(k) = a(k) - 3*r(k). What is i(-1)?
-10
Let o(c) = 6*c + 3. Let w(q) = -13*q - 6. Suppose -3*f + 5 = -2*f. Let p(a) = f*o(a) + 2*w(a). Let d